 = 37*d**2 - 36*d**2 - 6*d - 28 - 9*d + 14*d. Calculate t(5).
-8
Let z(t) = 2*t - 1. Let r be 0 + (5 - 3 - 3). Let g be (-1 - 0) + (3 - r). Calculate z(g).
5
Let h(m) = m**3 + m**2 + 2*m - 1. Suppose -33 = -7*o - 5. Suppose o*a + 3*s = 6*s - 8, 4*s = -4*a - 8. Determine h(a).
-9
Let m(o) = -5*o + 7. Let f be m(4). Let d = f + 11. Let r(g) = g**3 + 4*g**2 + 3*g. Determine r(d).
2
Let h(q) = -5*q**2 + 8*q + 5. Let o(m) = -12*m**2 + 15*m + 18. Let a(f) = -7*h(f) + 3*o(f). Determine a(-12).
7
Let p = 1 - 0. Let c(r) = -3*r - 6*r + 5 - 7 - 5*r + 15*r. What is c(p)?
-1
Let r(y) = -5*y - 5. Let b be r(-5). Let t = b + -16. Suppose -1 = 3*z - 2*h, z + t*h + 1 = 10. Let l(f) = 2*f**3 - 2*f + 1. Calculate l(z).
1
Let i(j) be the second derivative of j**4/12 + j**3/2 - 2*j**2 + j - 35. Calculate i(-4).
0
Suppose -5*f = -4*t + 3, -16 = -4*t - 2*f - 6. Suppose -2*a + 12 = -2*m, 2*a - 9 = m - t. Let u(w) = -w**3 - w**2 + 1. What is u(a)?
-1
Let p(o) = 3*o**2 + 23*o + 13. Let z(b) = 2*b**2 + 21*b + 13. Let r(d) = -4*p(d) + 5*z(d). Give r(7).
6
Let w = -30 + 28. Let i be w*(-1 + 22/(-4)). Let f = -14 + i. Let j(x) = -4*x - 1. Calculate j(f).
3
Let s be ((-34)/(-8) - 4)*12 + -2. Let o be s/(-2)*-2 + (3 - 0). Let k(u) be the first derivative of 2*u**3/3 - 5*u**2/2 + u - 1. Determine k(o).
13
Let q(f) be the second derivative of -f**3/6 - f**2 + 4*f. Let a = 56 + -56. What is q(a)?
-2
Let t(d) = -13*d + 3. Let n be (-3 - (-19)/7) + 23/7. Give t(n).
-36
Let o(w) = 3*w**3 - 39*w**2 - 26*w - 12. Let r(a) = a**3 - 14*a**2 - 9*a - 4. Let i(g) = -3*o(g) + 8*r(g). What is i(6)?
4
Let z(p) = 3*p**2 + p. Let v(b) be the second derivative of -b**4/12 - 5*b**3/6 - b**2/2 - 6*b. Let s be v(3). Let u = s + 24. Determine z(u).
2
Let l(k) = k - 8. Let a = -27 + 27. Suppose p - 4*p = u + 9, 3*u + p - 13 = a. Determine l(u).
-2
Let g(p) be the third derivative of -p**5/60 - p**4/24 + 11*p**3/3 - p**2 - 2*p. What is g(5)?
-8
Let x(c) = c - 20. Let k(p) = p - 24. Let o(m) = 6*k(m) - 7*x(m). What is o(0)?
-4
Let h(s) = s**3 - s**2 - 3*s - 2. Suppose 3*v - 5*j = 330, 7*v + j = 3*v + 417. Suppose -4*z = 3*z - v. Suppose 3*n + 9 = 0, n + z - 2 = -5*p. What is h(p)?
-8
Let i(f) be the second derivative of f**5/20 - 5*f**4/12 - f**3 - 5*f**2/2 - 3*f + 12. Determine i(6).
-5
Let y(r) = r**3 + 8*r**2 - 8*r + 6. Let l = -231 - -222. What is y(l)?
-3
Let i(v) be the second derivative of v**4/12 - v**3/3 + 3*v**2/2 + 82*v. What is i(5)?
18
Let f(z) = 11*z + 20. Let r = -5 - -21. Let v = r + -10. Let i(m) = -4*m - 7. Let x(b) = v*f(b) + 17*i(b). Give x(5).
-9
Suppose 0 = -3*y - y + 16, y = -j + 10. Let g(s) be the third derivative of -s**5/60 + s**4/3 + s**3/3 + s**2. Calculate g(j).
14
Suppose -1772*b + 1768*b = -24. Let c(v) = -8*v + 40. Calculate c(b).
-8
Let z(s) = 4*s - 3. Let u(d) be the first derivative of 3*d**2/2 - 3*d - 28. Let f(v) = 3*u(v) - 2*z(v). Determine f(-5).
-8
Let g be 7/2 - 1*3/6. Let l(v) = v + 0*v + v - v - 3. What is l(g)?
0
Let n(y) = y**2 + 4*y - 3. Let k be n(-5). Let t(p) = p - k*p**2 - 1 - 6 + p**2. Let g(a) = -a**2 + 2*a - 6. Let u(r) = 6*g(r) - 5*t(r). Give u(4).
11
Let y(d) = -31616*d + 15805*d - 3 + 15806*d. Let j = -2 - 2. Calculate y(j).
17
Suppose c + 3 = 4*c + 3*t, -2*t = 2. Let n(k) = 3*k**3 + 0*k**3 - 1 - 4*k**3 - 18*k + 23*k + 5*k**c. Determine n(6).
-7
Suppose 107*x = 108*x + 2. Let j(d) be the first derivative of d**3/3 - 4. Let u(k) = 2*k + 1. Let f(v) = 3*j(v) + u(v). Calculate f(x).
9
Let o(s) = 5 - 946*s**2 + 1874*s**2 - 936*s**2 + s**3 - 2*s. Determine o(8).
-11
Let q be ((-2)/3)/((-4)/18). Suppose -17 = -5*m - 7. Let f(s) = s + s**m - 9 - 4*s**2 + 5 + 8 + s**3. Give f(q).
7
Let p(v) = -7 + 3 + 3*v + v**2 - 1. Suppose -5*u - 16*d = -17*d - 5, -4*d = 3*u - 3. Let w(g) = -6*g**2 - g + 2. Let k be w(u). Calculate p(k).
5
Let a(h) = 4*h + 106. Let u be a(-27). Suppose -k + 15 = 4*k. Let v(n) = -1 + 5*n**3 - n**k + n**2 + n - 2*n**3. What is v(u)?
-15
Let x(t) be the second derivative of t**4/12 - 3*t**2 + 74*t. Calculate x(-5).
19
Let u = -1 - 9. Let c(w) = -58*w**2 - 22*w - 28. Let n(t) = 21*t**2 + 7*t + 9. Let l(d) = 4*c(d) + 11*n(d). What is l(u)?
-3
Let r be (24/(-48))/((-1)/2). Let c(b) = -2*b**2 + 1. Give c(r).
-1
Let z(k) = -k**2 + 15*k - 5. Suppose 0 = -33*q + 465 + 30. Give z(q).
-5
Let m(q) be the second derivative of -q**3/3 - q**2 + 26*q. Let w(a) = -2*a. Let y be w(4). Let p = y - -10. What is m(p)?
-6
Let s(p) = -p. Let y(d) = -2*d - 3. Let x(j) = -3*s(j) + y(j). Let u(z) = -z**3 - 11*z**2 + 1. Let k be u(-11). Let l be k*2*10/4. Calculate x(l).
2
Let n(h) be the first derivative of -4 + 0*h - 5/3*h**3 + 3*h**2 - 1/4*h**4. Calculate n(-6).
0
Let v(i) = i**2 - 11*i + 12. Suppose -5*o = -o + 2*w - 42, -3*w = -4*o + 27. What is v(o)?
-6
Suppose -12*a - 8 + 68 = 0. Let c(t) = -t**3 + 3*t**2 + 3*t + 6. What is c(a)?
-29
Let z(p) = p**3 - 7*p**2 + 4. Let d(t) = t**3 + 2*t**2 - 2*t + 10. Let x be d(-3). Give z(x).
4
Let y = -87 + 83. Let k(z) = 1 - 3*z**2 - z**3 + 2*z - 6 - 3*z. What is k(y)?
15
Let r(u) = -u - 28 - u + 7 - 5 - 15. Calculate r(-13).
-15
Suppose -4*d + 3*a - 23 = 0, -a + 12 + 25 = -5*d. Let s = d - -7. Let f(m) = -9*m. What is f(s)?
9
Suppose -31 - 2 = -w. Let h be (-22)/w - (-26)/3. Let v(s) = s**2 - 10*s + 9. Determine v(h).
-7
Let i(m) = -m**2 + 8*m - 9. Let n be 3/(-18) + (-903)/(-126). Give i(n).
-2
Let d(j) = -j**2 + 5*j - 1. Let h(x) = -11*x + 5 + x**2 - 14 + 23. Let l be h(10). Calculate d(l).
3
Let t(j) = -2*j**2 + 4 - 2*j + 3*j**2 - 5*j. Let m = -58 + 58. Suppose m = 4*a - 8*a - 4*s + 12, -a - 3*s = 1. Determine t(a).
-6
Let b(r) = 2*r**2 - 3*r + 2. Let k be b(2). Suppose -3*v = k*d + 11, 5 = -3*v - 2*v. Let g(f) = 0*f + 2 + 5*f - f. What is g(d)?
-6
Let d(a) be the third derivative of -a**6/120 - a**5/15 + 2*a**2 + 17. What is d(-3)?
-9
Let f(s) be the third derivative of s**5/60 - 7*s**4/24 + s**3/2 - 3*s**2. Suppose 5*z - 30 = -4*p - 0, -4*z - 17 = -5*p. Determine f(p).
-7
Suppose 0 = 3*d - 3*s - 3, -5*d - 2*s = -7 + 2. Let k = 6 + d. Let g(y) = y**2 - 6*y + 3. What is g(k)?
10
Let p(z) = -2*z + 4. Let c be p(3). Let u be (-2)/(3/12*c). Let y(i) = -i + 124 + 127 - 251. Determine y(u).
-4
Let h(y) = -43*y**2 + 0 - 6 + 44*y**2 - 7*y. Give h(9).
12
Suppose -w + 5*w = 20. Suppose -21 = w*r - 6. Let l(i) be the third derivative of -i**6/120 - i**5/20 - i**4/8 - i**3/3 - 35*i**2 + 2*i. What is l(r)?
7
Let v(t) = 2*t**3 - 18*t**2 + 2*t - 10. Let g be v(9). Suppose 0 = g*h - 11*h. Let u(q) = -q**3 + q**2 + 5. Calculate u(h).
5
Let h(a) be the third derivative of -a**6/120 - a**5/20 + a**4/12 + a**3/6 - a**2. Let j be (2 - 93 - -6) + 4. Let s = -83 - j. Determine h(s).
-7
Let g(t) = -2*t - 3. Let l be 42/12 + 3 + (-2)/4. Let p be (1 + 1)/((l/4)/3). Determine g(p).
-11
Let u(i) = -i**2 + i - 1. Let x(l) = -l**2 + 2*l - 5. Let j be -14 - -14 - 2/(2/1). Let q(o) = j*x(o) + 2*u(o). Give q(-3).
-6
Suppose 3*o - 9 = o - c, 3*o - c - 1 = 0. Suppose -o*p = 1 + 1. Let z(h) be the third derivative of h**6/24 - h**5/30 - h**4/24 - 7*h**2. Give z(p).
-6
Let j(n) = n - 11. Let y(p) = -16*p - 279. Let u be y(-17). What is j(u)?
-18
Let t(c) = -2*c**2. Suppose 17 = 6*n - 13. Suppose -1 + n = -2*p. Determine t(p).
-8
Let n = 209 + -150. Suppose 27 = -4*l + n. Let w(k) = -3*k + 11. Give w(l).
-13
Let k(s) = s + 1. Let b be k(2). Suppose 0*i + i + 9 = 2*w, -4*i = 4*w - 12. Let j(c) = w*c**2 + 2*c - 5 - 2*c**b + 2*c**3 + c**3 + 4. Give j(-3).
2
Let s(z) = -z**3 + 7*z**2 + 10*z - 16. Let x be s(8). Suppose 4*a - 3*y - 16 = x, -4*y - y - 17 = 3*a. Let c(v) = -2*v**3 + 2*v**2 - 2*v + 1. Calculate c(a).
-1
Let b(a) = -a**2 - 1546 + 1539 + 2*a**2 + 3*a. Determine b(-5).
3
Let p(i) = i**3 + 8*i**2 + 6*i - 9. Let t(a) = 4*a + 69. Let j be t(-14). Suppose -2*z + 7 = -k, -5*k + 2*z - j = 22. Give p(k).
-2
Let v(o) be the third derivative of -o**4/24 + 2*o**2. Suppose 10*q = 42*q - 224. Let y(n) = 3*n + 1. Let m(a) = q*v(a) + 2*y(a). Calculate m(-4).
6
Let m(c) = -c**3 - 12*c**2 - c - 6. Let h = 61 - 73. Determine m(h).
6
Let j be (19*-1)/(-1) - (25 - 23). Let w(p) = 8*p + 3 + 19*p**3 - 8*p**2 + j*p**3 - 35*p**3. Give w(7).
10
Let r(s) = 3*s - s**2 - 4*s - s + 2. Let h be (-196)/50 - (-810)/(-10125). Calculate r(h).
-6
Let w(x) = -x - 7. Let t = 